 be (-20)/(-11) - (-2)/11. Suppose -a + 796 = -4*t, -g*t + 4*a - 398 = a. What are the prime factors of (-11 + t)*(-4)/6?
2, 5, 7
Suppose -4*i + 4331 = 3*j - 1661, -2*j = -5*i - 3987. List the prime factors of j.
2, 499
Let k be ((-283)/(-2))/(37/(-74)). Let q = k + 458. What are the prime factors of q?
5, 7
Let f(q) be the second derivative of q**5/6 + 5*q**4/12 - 13*q**3/3 - 25*q. Let d(c) be the second derivative of f(c). List the prime factors of d(3).
2, 5, 7
Suppose -u + 531949 = 12*u - 160834. What are the prime factors of u?
7, 23, 331
Let a be 12*(34/(-8) + 5). Suppose 13*m - 1400 = a*m. List the prime factors of m.
2, 5, 7
Let o(j) = -j**3 - j**2 + 2*j + 2. Let t be o(-1). Let b be ((-166)/(-5) + t)/(3/(-15)). List the prime factors of (4/(-3))/(1 - b/(-162)).
2, 3
Suppose 3*r - 73 - 161 = 0. Let y = 264 + -315. Let m = y + r. What are the prime factors of m?
3
List the prime factors of (5 - 51044/(-7)) + 12.
7309
Suppose 2*t = -m + 27117, 5*t - 2*t - m = 40688. List the prime factors of t.
71, 191
Let s(j) = -j**3 + 23*j**2 - 29*j + 1. Let c be s(12). Suppose 2*b + m = 4*m + c, -1233 = -2*b - m. What are the prime factors of b?
617
Let l(g) = -20*g + 28. Let p be l(-10). Suppose x - 50 = p. Suppose 0 = -0*j - 2*j + 2*d + x, -4*d = -j + 124. List the prime factors of j.
2, 3
Suppose 0 = 3*t + 3*m - 9766 - 27839, 0 = -5*t + 3*m + 62723. What are the prime factors of t?
12541
Let t be (-50)/25 - (-4)/((-2)/(-2)). Suppose 4*x - 44 = t*b, 3*b - 2*x + 45 = -3*x. Let c(a) = -7*a - 53. What are the prime factors of c(b)?
59
Suppose -2*q + 43822 = 39244. List the prime factors of q.
3, 7, 109
Suppose 57*p = 52*p + 10. Suppose p*d - 4*m = -4, -5*d - 25 = 5*m + 30. Let q(y) = -6*y - 24. List the prime factors of q(d).
2, 3
Let j(f) = 3*f + 3. Suppose 0*w + 4*o = -5*w, -w = 3*o. Let v be j(w). Suppose -21 = v*y - 366. What are the prime factors of y?
5, 23
List the prime factors of (123/(-12))/((-8)/(-13 + 1101)).
2, 17, 41
Suppose 0 = -4*o - 121*c + 124*c + 11399, c = -3*o + 8546. What are the prime factors of o?
7, 11, 37
What are the prime factors of (-194132)/(-6) - ((-1)/9)/(7/42)?
2, 8089
Let q = 515 - 299. Suppose 0 = a - 9*a + q. Let y = a + 62. What are the prime factors of y?
89
Let u(d) = 2*d - 19 + 22*d**2 - d + d**3 + 10*d. Let r be u(-20). Suppose -67*w + 70*w - r = 0. List the prime factors of w.
11, 17
Suppose 0 = -5*m - 20, -6*m = 5*d - m + 205. Let y = 37 + d. Suppose y = 3*i - 52 - 218. List the prime factors of i.
2, 3, 5
Suppose -16031 = -12*k + 24889. Suppose -9*h - k = -3*q - 5*h, -5*q + 5*h + 5680 = 0. List the prime factors of q.
2, 3, 7
Let t(x) = -263*x**3 + x**2 - 5*x. Let a(p) = -1314*p**3 + 3*p**2 - 24*p - 1. Let n(b) = 2*a(b) - 11*t(b). List the prime factors of n(1).
5, 53
Let a(o) = 883*o**2 + 19*o + 10. List the prime factors of a(3).
2, 4007
Suppose -10*i + 8*i = 6098. Let m = -1613 - i. List the prime factors of m.
2, 359
Suppose h + 2*h - 3 = 0, 0 = -2*q - h + 1379. Suppose 4*b - 3*l = q, -5*b + 1056 = -4*l + 196. Suppose -2*a - 2*a = -b. List the prime factors of a.
2, 11
Let z = -9166 - -53274. What are the prime factors of z?
2, 11027
Suppose -3*p = -4*i - 4065, -5*i + 2*p - 1003 = 4087. Let f = i + 1551. What are the prime factors of f?
3, 59
Suppose -2*w - 872 = 3*p + 2813, -5*w = 3*p + 9226. Let q = -1057 - w. List the prime factors of ((-3)/2)/(775/q + -1).
79
Suppose 186*u = 185*u + 3. Suppose -409 = -u*z + 467. What are the prime factors of z?
2, 73
What are the prime factors of 729*(7735/39)/5?
3, 7, 17
Suppose -2*y = -2*q - 1 - 23, 5*q = y - 24. Suppose 0 = -2*a - a + y. Suppose 16 = 5*t - a*t. What are the prime factors of t?
2
Let r = 668 - 1487. Let f = r - -1163. List the prime factors of f.
2, 43
Suppose -9922 = 13*d - 1030. Let c = d - -1567. What are the prime factors of c?
883
Suppose o + 2*b = 2*o - 102, -3*o + 306 = -5*b. Suppose -2*q + 1 - 3 = 0. List the prime factors of (q + o)*(15 - 14).
101
Suppose 0*v - 9 = -3*v + 3*c, -2*v - 5*c - 15 = 0. Let f(l) = -3*l + 204. Let z(x) = -11*x + 611. Let m(s) = 7*f(s) - 2*z(s). List the prime factors of m(v).
2, 103
Let h(r) be the third derivative of r**6/120 + 11*r**5/30 + r**4 - 5*r**3/6 - 3*r**2. Let g be h(-21). Let i = 135 + g. List the prime factors of i.
67
Suppose 2*i = -3*o - 694, -5*o - 155 - 987 = -4*i. List the prime factors of 146*o/60*-3.
23, 73
Suppose -l + 3*l + 10 = 0, 2*l - 310 = 5*s. Let n = 1037 - s. What are the prime factors of n?
3, 367
Suppose 214*g + 21*g - 3644797 = 54*g. What are the prime factors of g?
13, 1549
What are the prime factors of ((-83)/3)/((2/(-1510))/((-102)/(-85)))?
2, 83, 151
What are the prime factors of -10 + 18 - (0 + 1*-21076)?
2, 3, 7, 251
Suppose -3*a = -2*a + 5*m + 22, -a - 12 = 3*m. Suppose -7*g + 708 = 3*i - 5*g, 0 = -a*i - 3*g + 705. List the prime factors of i.
2, 7, 17
Suppose -14*m + 396712 = 20*m. List the prime factors of m.
2, 2917
Let a = 14111 - 975. What are the prime factors of a?
2, 821
Let s(h) = -3*h + 20. Let k(v) = -v - 1. Let f be (1 + -3)/(-4 - -2). Let o(p) = f*s(p) - 4*k(p). List the prime factors of o(9).
3, 11
Let l(u) = -2*u**3 - 17*u**2 + 86*u - 112. What are the prime factors of l(-30)?
2, 7, 643
Suppose 0 = -47*m + 52*m + 360. Let i(o) = -o - 1. Let z be i(2). List the prime factors of (m/20 - -3)/(z/285).
3, 19
Let f(t) = -2*t**2 - t - 7. Let y(b) = -b. Let z(n) = f(n) + 2*y(n). Let d be z(0). What are the prime factors of 386/(-8)*(-20)/((-35)/d)?
193
Suppose -4*n - v + 43739 = 0, 161*v - 165*v - 21892 = -2*n. What are the prime factors of n?
2, 1367
Let z(y) = 171*y**2 + 2*y + 1. Let a(k) = 2*k + 61. Let x be a(-31). What are the prime factors of z(x)?
2, 5, 17
Let g be (3*10/3)/(3 - (-16)/(-4)). Let k = 0 + -1. What are the prime factors of (5/g)/(k/246)?
3, 41
Let q = 4720 - -6888. List the prime factors of q.
2, 1451
What are the prime factors of 2*424*(-921 + 938)?
2, 17, 53
Suppose -d + 1 + 0 = 0. Let o be 1/((-1)/(-319))*d. Let y = -172 + o. List the prime factors of y.
3, 7
Let r = 67 + 9. Let v = r - -596. Suppose -4*k - 4*j + v = 0, 510 = 2*k + k + 5*j. List the prime factors of k.
3, 5, 11
Let z(f) = -5*f**2 + 93*f + 33. What are the prime factors of z(13)?
397
Suppose -3*y - 6 = 0, z - 7 = -2*z + 2*y. Let k(u) = 43*u**3 + u**2. Let q be k(z). Suppose 0*d + q = 2*d. List the prime factors of d.
2, 11
Suppose -406791 = -16*z - 53255. What are the prime factors of z?
2, 1381
Let g(c) = c**2 + 22*c - 48. Suppose 0*d = 5*d - 5*s - 75, -2*d + 33 = -3*s. What are the prime factors of g(d)?
2, 3, 5
Let s be (2 - 10) + 2/1. Let c = s - -11. Suppose -c*g + 5*j = -685, -254 = -4*g + 2*g - 2*j. List the prime factors of g.
2, 3, 11
Let k = -67 + 76. Suppose -n + 556 = -3*t, -k*t + 6 = -11*t. What are the prime factors of n?
547
Suppose 0 = 3*c + 3, 5*h - 72245 = -8*c + 162152. What are the prime factors of h?
3, 5209
Suppose -136*p = -133*p - 7176. What are the prime factors of p?
2, 13, 23
Let o = 13126 - 5157. What are the prime factors of o?
13, 613
Let r = 39201 - 22501. List the prime factors of r.
2, 5, 167
Let t(r) = r**3 + 27*r**2 - 210*r + 142. What are the prime factors of t(-33)?
2, 269
Suppose 10*g - 54257 + 275690 = 41*g. What are the prime factors of g?
3, 2381
Suppose -6*w - 40 = -2*w. List the prime factors of (-4)/8*w + 279.
2, 71
Suppose -2*i = l - 8, 6*i - 22 = i - 3*l. Suppose 14*o - 18*o - k = -2036, -i*o + k + 1012 = 0. List the prime factors of o.
2, 127
Suppose -4 + 2 = -2*b. Let q be -5*90/25*b. List the prime factors of (-3740)/(-99) - 4/q.
2, 19
Let u = -1649 - -299. Let o = -854 - u. What are the prime factors of o?
2, 31
Let h = 2011 + 4235. List the prime factors of h.
2, 3, 347
Let o be (-36)/198 - (-324)/(-33). List the prime factors of (-4669)/(-35) - -6 - 6/o.
2, 5, 7
Suppose 3*t = -880 + 1522 + 5463. What are the prime factors of t?
5, 11, 37
Let m = -799 + 794. Let r(x) be the third derivative of x**6/120 + 11*x**5/60 + x**4/12 - x**3 - 2*x**2. List the prime factors of r(m).
2, 67
Let y = -3741 + 29223. List the prime factors of y.
2, 3, 31, 137
Let v = -76 - -76. Suppose a - 2*q - 2*q = -20, -5*q = v. Let u = a + 94. List the prime factors of u.
2, 37
Suppose 1154*f + 2*x - 131752 = 1150*f, 3*f = -5*x + 98807. List the prime